
{"id":719,"date":"2023-04-26T14:32:46","date_gmt":"2023-04-26T14:32:46","guid":{"rendered":"https:\/\/alnaelva.no\/?page_id=249\/?page_id=719"},"modified":"2023-09-06T17:15:35","modified_gmt":"2023-09-06T17:15:35","slug":"om-oss-kontakt","status":"publish","type":"page","link":"https:\/\/alnaelva.no\/?page_id=719","title":{"rendered":"Om oss \/ kontakt"},"content":{"rendered":"\n<p><strong>Styret 2023:<\/strong><\/p>\n\n\n\n<figure class=\"wp-block-table\"><table><tbody><tr><td>Helen Svensson<\/td><td><strong>Leder<\/strong><\/td><td><\/td><\/tr><tr><td>Vidar Berget<\/td><td>Gamle Oslo- ansvarlig<\/td><td><\/td><\/tr><tr><td>Egil Storstein<\/td><td>Ruskenansvarlig<\/td><td><\/td><\/tr><tr><td>Arin Borgen<\/td><td>Fisk- og vannansvarlig<\/td><td><\/td><\/tr><tr><td>Helge Braathen<\/td><td>Naturmangfoldsansvarlig<\/td><td><a href=\"https:\/\/href.li\/?https:\/\/nb-no.facebook.com\/people\/Alnaelvas-Venner\/100000806681000\">Facebookgruppe<\/a><\/td><\/tr><tr><td>Trond Rasmussen<\/td><td>Nettsideansvarlig<\/td><td><\/td><\/tr><\/tbody><\/table><\/figure>\n\n\n\n<p>Kontakt oss p\u00e5 <a href=\"mailto:post@alnaelva.no\">post@alnaelva.no<\/a><\/p>\n\n\n\n<h4 class=\"wp-block-heading\"><strong>Vedtekter for Alnaelvas venner<\/strong><\/h4>\n\n\n\n<p><strong>Form\u00e5l<\/strong><br>Alnaelvas Venner, som er lokalisert i Oslo kommune, er en frivillig Venneforening til ivaretakelse og opparbeidelse av Alnaelva og dens n\u00e6romr\u00e5der som et friomr\u00e5de for rekreasjon og glede.<br>Samarbeidspartnere<br>Alnaelvas Venner samarbeider med Oslo Elveforum, etater, bydeler, skoler, foreninger, samt enkeltpersoner som er opptatt av \u00e5 fremme interessen for Alnaelva og bevare elva som en levende organisme<br><strong>Organisering<\/strong><br>Alnaelvas lengde tilsier en oppdeling i n\u00e6rmere avgrensede omr\u00e5der, som besluttes av \u00e5rsm\u00f8tet. Arbeidet koordineres av et styre best\u00e5ende av leder, nestleder, sekret\u00e6r, kasserer samt lederne for definerte omr\u00e5dene. Omr\u00e5delederne oppnevnes med personlig vararepresentant. Det kan oppnevnes r\u00e5dgivere til styret.<br>Styret holder m\u00f8ter etter behov, med minst 4 m\u00f8ter \u00e5rlig.<br>Styret er ansvarlig for at \u00f8vrige Alnaelvvenner inviteres til minium 2 informasjons- eller temam\u00f8ter \u00e5rlig, i tillegg til <strong>\u00c5rsm\u00f8tet<\/strong>.<br>Styret legger frem \u00e5rsmelding og revidert regnskap for \u00c5rsm\u00f8tet.<br><strong>\u00c5rsm\u00f8te<\/strong><br>\u00c5rsm\u00f8te holdes innen utgangen av april m\u00e5ned. Forslag til \u00e5rsm\u00f8tet m\u00e5 v\u00e6re styret i hende senest 15. mars. Innkalling med dagsorden sendes ut senest 3 uker f\u00f8r \u00e5rsm\u00f8tet. Under forutsetning av korrekt innkalling, er \u00e5rsm\u00f8tet beslutningsdyktig med de fremm\u00f8te, betalende venner. Med unntak for Vedtektsendringer og Oppl\u00f8sning skjer vedtak med alminnelig flertall av de avgitte stemmer.<br>\u00c5rsm\u00f8tet behandler<br>\u2013 \u00c5rsmelding<br>\u2013 Revidert regnskap<br>\u2013 Vedtektsendringer<br>\u2013 Kontingent kommende \u00e5r<br>\u2013 Organisering<br>\u2013 Innkomne forslag<br>\u2013 Handlingsprogram<br><strong>Valg <\/strong>\u2013 Med unntak for revisor, velges alle for 2 \u00e5r, og slik at man sikrer kontinuitet.<br><strong>\u00d8konomi<\/strong><br>Alnaelvas Venner er en selveiende institusjon. Tiltak som forplikter \u00f8konomisk, m\u00e5 godkjennes av styret. Regnskapet f\u00f8res av kasserer og kontrolleres av valgt revisor.<br><strong>Vedtektsendring<\/strong><br>Endringsforslag skal varsles skriftlig. Endring av vedtekter skjer p\u00e5 ordin\u00e6rt \u00e5rsm\u00f8te med 2\/3 flertall.<br><strong>Oppl\u00f8sning<\/strong><br>Oppl\u00f8sning av Alnaelvas Venner krever 2\/3 flertall av de fremm\u00f8tte, betalende venner p\u00e5 et ordin\u00e6rt \u00c5rsm\u00f8te og et p\u00e5f\u00f8lgende ekstraordin\u00e6rt m\u00f8te. Begge m\u00f8tene krever skriftlig innkalling, med minst 6 ukers varsel.<br><br>[Sist endret p\u00e5 \u00e5rsm\u00f8te 27. april 2009]<\/p>\n\n\n\n<p><\/p>\n\n\n\n<p><\/p>\n\n\n\n<h4 class=\"wp-block-heading\"><strong>Lenker og ressurser<\/strong><\/h4>\n\n\n\n<p>Meget god og informativ informasjon p\u00e5 <a href=\"https:\/\/href.li\/?https:\/\/no.wikipedia.org\/wiki\/Alna\">Wikipedia<\/a><\/p>\n\n\n\n<p>Alna i <a href=\"https:\/\/href.li\/?https:\/\/oslobyleksikon.no\/index.php\/Alnaelva\">Oslo Byleksikon<\/a><\/p>\n\n\n\n<p>Alnaelvas Venner er en av flere elve- og bekkegrupper organisert under <a href=\"https:\/\/href.li\/?https:\/\/www.osloelveforum.org\">Oslo Elveforum<\/a><\/p>\n\n\n\n<p>Interessegrupper i hele landet samler seg i <a href=\"https:\/\/href.li\/?https:\/\/norelv.no\">Norsk Elveforum \u2013 NorElv<\/a>.<\/p>\n\n\n\n<hr class=\"wp-block-separator has-alpha-channel-opacity\"\/>\n\n\n\n<p><strong>Offentlige rapporter og plandokumenter:<\/strong><\/p>\n\n\n\n<p>2020 NIVA: <a href=\"https:\/\/href.li\/?https:\/\/www.niva.no\/en\/projectweb\/alnaelvaprosjektet\/_\/attachment\/download\/3cd35d0d-8e59-4679-9b9c-d7be47438fbd:23db6eebaa27e7692664765e00a17a0ce73b2a35\/7529-2020%20Alna%20hovedrapport_low.pdf\">Synteserapport om milj\u00f8tilstanden i Alnaelva og p\u00e5virkningsfaktorer<\/a> fra deres <a href=\"https:\/\/href.li\/?https:\/\/www.niva.no\/en\/projectweb\/alnaelvaprosjektet\">Alnaelvprosjektet<\/a><\/p>\n\n\n\n<hr class=\"wp-block-separator has-alpha-channel-opacity\"\/>\n\n\n\n<p>Bok: Alnaelva (Lo-elva), Karsten S\u00f8lve Nilsen 2005 ISBN: 9788279810360 I bokhandel: <a href=\"https:\/\/href.li\/?https:\/\/www.ark.no\/boker\/Karsten-Solve-Nilsen-Alna-9788279810360\">Ark<\/a>, <a href=\"https:\/\/href.li\/?https:\/\/www.norli.no\/alna\">Norli<\/a>, <a href=\"https:\/\/href.li\/?https:\/\/bokelskere.no\/bok\/alna-loelva\/28453\/\">Bokelskere<\/a> Omtale p\u00e5: <a href=\"https:\/\/href.li\/?https:\/\/www.nettavisen.no\/dittoslo\/glodende-elvehistorie\/3422918824.html\">Nettavisen<\/a><\/p>\n\n\n\n<p>Bok: Alna, Oslos glemte byelv, Sigurd Senje 1980 <strong>ISBN13&nbsp;<\/strong>9788290287011 <a href=\"https:\/\/href.li\/?https:\/\/bokelskere.no\/bok\/alna-oslos-glemte-byelv\/90534\/\">Bokelskerne<\/a> (m\u00e5 nok kj\u00f8pes <a href=\"https:\/\/href.li\/?https:\/\/www.antikvariat.net\/nb\/search\/senje%252C%2Bsigurd?bookseller=all&amp;letter=all&amp;product_group=all&amp;period=all&amp;currency=NOK\">antikvarisk<\/a>)<\/p>\n\n\n\n<figure class=\"wp-block-image\"><img loading=\"lazy\" decoding=\"async\" width=\"1169\" height=\"619\" src=\"https:\/\/alnaelva.files.wordpress.com\/2020\/08\/alunsjoen.jpg?w=1024\" alt=\"\" class=\"wp-image-170\" srcset=\"https:\/\/alnaelva.no\/wp-content\/uploads\/2020\/08\/alunsjoen.jpg 1169w, https:\/\/alnaelva.no\/wp-content\/uploads\/2020\/08\/alunsjoen-300x159.jpg 300w, https:\/\/alnaelva.no\/wp-content\/uploads\/2020\/08\/alunsjoen-1024x542.jpg 1024w, https:\/\/alnaelva.no\/wp-content\/uploads\/2020\/08\/alunsjoen-768x407.jpg 768w\" sizes=\"(max-width: 1169px) 100vw, 1169px\" \/><figcaption class=\"wp-element-caption\">Gamle minner etter industri etablert p\u00e5 elvas fossekraft.<\/figcaption><\/figure>\n\n\n\n<p><strong><a href=\"https:\/\/alnaelva.no\/?page_id=775(\u00e5pnes i en ny fane)\">Arkiv<\/a><\/strong> \u2014 katalog over tidligere nettsted med mange saker, dokumenter og lenker<\/p>\n","protected":false},"excerpt":{"rendered":"<p>Styret 2023: Helen Svensson Leder Vidar Berget Gamle Oslo- ansvarlig Egil Storstein Ruskenansvarlig Arin Borgen Fisk- og vannansvarlig Helge Braathen Naturmangfoldsansvarlig Facebookgruppe Trond Rasmussen Nettsideansvarlig Kontakt oss p\u00e5 post@alnaelva.no Vedtekter [&hellip;]<\/p>\n","protected":false},"author":1,"featured_media":0,"parent":0,"menu_order":0,"comment_status":"closed","ping_status":"closed","template":"","meta":{"footnotes":""},"featured_image_urls":{"full":"","thumbnail":"","medium":"","medium_large":"","large":"","1536x1536":"","2048x2048":"","post-thumbnail":""},"post_excerpt_stackable":"<p>Styret 2023: Helen SvenssonLederVidar BergetGamle Oslo- ansvarligEgil StorsteinRuskenansvarligArin BorgenFisk- og vannansvarligHelge BraathenNaturmangfoldsansvarligFacebookgruppeTrond RasmussenNettsideansvarlig Kontakt oss p\u00e5 post@alnaelva.no Vedtekter for Alnaelvas venner Form\u00e5lAlnaelvas Venner, som er lokalisert i Oslo kommune, er en frivillig Venneforening til ivaretakelse og opparbeidelse av Alnaelva og dens n\u00e6romr\u00e5der som et friomr\u00e5de for rekreasjon og glede.SamarbeidspartnereAlnaelvas Venner samarbeider med Oslo Elveforum, etater, bydeler, skoler, foreninger, samt enkeltpersoner som er opptatt av \u00e5 fremme interessen for Alnaelva og bevare elva som en levende organismeOrganiseringAlnaelvas lengde tilsier en oppdeling i n\u00e6rmere avgrensede omr\u00e5der, som besluttes av \u00e5rsm\u00f8tet. Arbeidet koordineres av et styre best\u00e5ende av leder, nestleder, sekret\u00e6r, kasserer samt&hellip;<\/p>\n","category_list":"","author_info":{"name":"admin","url":"https:\/\/alnaelva.no\/?author=1"},"comments_num":"0 kommentarer","_links":{"self":[{"href":"https:\/\/alnaelva.no\/index.php?rest_route=\/wp\/v2\/pages\/719"}],"collection":[{"href":"https:\/\/alnaelva.no\/index.php?rest_route=\/wp\/v2\/pages"}],"about":[{"href":"https:\/\/alnaelva.no\/index.php?rest_route=\/wp\/v2\/types\/page"}],"author":[{"embeddable":true,"href":"https:\/\/alnaelva.no\/index.php?rest_route=\/wp\/v2\/users\/1"}],"replies":[{"embeddable":true,"href":"https:\/\/alnaelva.no\/index.php?rest_route=%2Fwp%2Fv2%2Fcomments&post=719"}],"version-history":[{"count":5,"href":"https:\/\/alnaelva.no\/index.php?rest_route=\/wp\/v2\/pages\/719\/revisions"}],"predecessor-version":[{"id":831,"href":"https:\/\/alnaelva.no\/index.php?rest_route=\/wp\/v2\/pages\/719\/revisions\/831"}],"wp:attachment":[{"href":"https:\/\/alnaelva.no\/index.php?rest_route=%2Fwp%2Fv2%2Fmedia&parent=719"}],"curies":[{"name":"wp","href":"https:\/\/api.w.org\/{rel}","templated":true}]}}