
{"id":715,"date":"2023-04-26T14:32:46","date_gmt":"2023-04-26T14:32:46","guid":{"rendered":"https:\/\/alnaelva.no\/?page_id=249\/?page_id=715"},"modified":"2023-04-26T16:31:56","modified_gmt":"2023-04-26T16:31:56","slug":"om-alna","status":"publish","type":"page","link":"https:\/\/alnaelva.no\/?page_id=715","title":{"rendered":"Om Alna"},"content":{"rendered":"\n<figure class=\"wp-block-image\"><img loading=\"lazy\" decoding=\"async\" width=\"1169\" height=\"619\" src=\"https:\/\/alnaelva.no\/wp-content\/uploads\/2020\/08\/alunsjoen.jpg\" alt=\"Alunsj\u00f8en\" class=\"wp-image-170\" srcset=\"https:\/\/alnaelva.no\/wp-content\/uploads\/2020\/08\/alunsjoen.jpg 1169w, https:\/\/alnaelva.no\/wp-content\/uploads\/2020\/08\/alunsjoen-300x159.jpg 300w, https:\/\/alnaelva.no\/wp-content\/uploads\/2020\/08\/alunsjoen-1024x542.jpg 1024w, https:\/\/alnaelva.no\/wp-content\/uploads\/2020\/08\/alunsjoen-768x407.jpg 768w\" sizes=\"(max-width: 1169px) 100vw, 1169px\" \/><figcaption class=\"wp-element-caption\">Alunsj\u00f8en<\/figcaption><\/figure>\n\n\n\n<p>Alnaelva er med sine 19 kilometers lengde Oslos lengste elv, ja den strekker seg faktisk utover Oslo kommune ved at noe vann kommer fra nabokommunen Nittedal. Bleiktjern, Lusevasan og Romstjern er Nittedalskilder til elva. Andre kilder er Alunsj\u00f8en i Lillomarka, \u00d8stensj\u00f8bekken, Steinbruvann, Svartkulp p\u00e5 Roms\u00e5s, samt et f\u00f8rtitalls, for det meste nedgravde, bekker p\u00e5 kryss og tvers i nedslagsfeltet. Du kan f\u00e5 et inntrykk av disse ved \u00e5 studere hvordan Alna renner p\u00e5 <a href=\"https:\/\/href.li\/?https:\/\/www.arcgis.com\/apps\/webappviewer\/index.html?id=b093388b9d9141dca5217f4d27c2a8a7\">dette kartet<\/a>.<\/p>\n\n\n\n<hr class=\"wp-block-separator has-alpha-channel-opacity\"\/>\n\n\n\n<p>Meget god og informativ informasjon p\u00e5 <a href=\"https:\/\/href.li\/?https:\/\/no.wikipedia.org\/wiki\/Alna\" target=\"_blank\" rel=\"noreferrer noopener\">Wikipedia<\/a><\/p>\n\n\n\n<p>Alna i <a href=\"https:\/\/href.li\/?https:\/\/oslobyleksikon.no\/index.php\/Alnaelva\">Oslo Byleksikon<\/a><\/p>\n\n\n\n<p>Alnaelvas Venner er en av flere elve- og bekkegrupper organisert under <a href=\"https:\/\/href.li\/?https:\/\/www.osloelveforum.org\">Oslo Elveforum<\/a>. <img decoding=\"async\" src=\"https:\/\/alnaelva.files.wordpress.com\/2022\/06\/oslo-elveforum-logo-300x83-1.jpg\" alt=\"\"><\/p>\n\n\n\n<p>Interessegrupper i hele landet samler seg n\u00e5 i nyoppstartede <a href=\"https:\/\/href.li\/?https:\/\/norelv.no\">Norsk Elveforum \u2013 NorElv<\/a>.<\/p>\n\n\n\n<hr class=\"wp-block-separator has-alpha-channel-opacity\"\/>\n\n\n\n<p><strong>Offentlige rapporter og plandokumenter:<\/strong><\/p>\n\n\n\n<p>2020 NIVA: <a href=\"https:\/\/href.li\/?https:\/\/www.niva.no\/en\/projectweb\/alnaelvaprosjektet\/_\/attachment\/download\/3cd35d0d-8e59-4679-9b9c-d7be47438fbd:23db6eebaa27e7692664765e00a17a0ce73b2a35\/7529-2020%20Alna%20hovedrapport_low.pdf\">Synteserapport om milj\u00f8tilstanden i Alnaelva og p\u00e5virkningsfaktorer<\/a> fra deres <a href=\"https:\/\/href.li\/?https:\/\/www.niva.no\/en\/projectweb\/alnaelvaprosjektet\">Alnaelvprosjektet<\/a><\/p>\n\n\n\n<hr class=\"wp-block-separator has-alpha-channel-opacity\"\/>\n\n\n\n<p>Bok: Alnaelva (Lo-elva), Karsten S\u00f8lve Nilsen 2005 ISBN: 9788279810360 I bokhandel: <a href=\"https:\/\/href.li\/?https:\/\/www.ark.no\/boker\/Karsten-Solve-Nilsen-Alna-9788279810360\">Ark<\/a>, <a href=\"https:\/\/href.li\/?https:\/\/www.norli.no\/alna\">Norli<\/a>, <a href=\"https:\/\/href.li\/?https:\/\/bokelskere.no\/bok\/alna-loelva\/28453\/\">Bokelskere<\/a> Omtale p\u00e5: <a href=\"https:\/\/href.li\/?https:\/\/www.nettavisen.no\/dittoslo\/glodende-elvehistorie\/3422918824.html\">Nettavisen<\/a><\/p>\n\n\n\n<p>Bok: Alna, Oslos glemte byelv, Sigurd Senje 1980 <strong>ISBN13&nbsp;<\/strong>9788290287011 <a href=\"https:\/\/href.li\/?https:\/\/bokelskere.no\/bok\/alna-oslos-glemte-byelv\/90534\/\">Bokelskerne<\/a> (m\u00e5 nok kj\u00f8pes <a href=\"https:\/\/href.li\/?https:\/\/www.antikvariat.net\/nb\/search\/senje%252C%2Bsigurd?bookseller=all&amp;letter=all&amp;product_group=all&amp;period=all&amp;currency=NOK\">antikvarisk<\/a>)<\/p>\n\n\n\n<figure class=\"wp-block-image\"><img loading=\"lazy\" decoding=\"async\" width=\"1024\" height=\"768\" src=\"https:\/\/alnaelva.no\/wp-content\/uploads\/2022\/11\/dunkjevler_2013-05-07-1024x768.jpg\" alt=\"\" class=\"wp-image-592\" srcset=\"https:\/\/alnaelva.no\/wp-content\/uploads\/2022\/11\/dunkjevler_2013-05-07-1024x768.jpg 1024w, https:\/\/alnaelva.no\/wp-content\/uploads\/2022\/11\/dunkjevler_2013-05-07-300x225.jpg 300w, https:\/\/alnaelva.no\/wp-content\/uploads\/2022\/11\/dunkjevler_2013-05-07-768x576.jpg 768w, https:\/\/alnaelva.no\/wp-content\/uploads\/2022\/11\/dunkjevler_2013-05-07-1536x1152.jpg 1536w, https:\/\/alnaelva.no\/wp-content\/uploads\/2022\/11\/dunkjevler_2013-05-07-2048x1536.jpg 2048w\" sizes=\"(max-width: 1024px) 100vw, 1024px\" \/><figcaption class=\"wp-element-caption\">Alna i lav v\u00e5rsol<\/figcaption><\/figure>\n\n\n\n<hr class=\"wp-block-separator has-alpha-channel-opacity\"\/>\n\n\n\n<p><a href=\"https:\/\/alnaelva.no\/?page_id=737\">Mer bilder<\/a><\/p>\n","protected":false},"excerpt":{"rendered":"<p>Alnaelva er med sine 19 kilometers lengde Oslos lengste elv, ja den strekker seg faktisk utover Oslo kommune ved at noe vann kommer fra nabokommunen Nittedal. Bleiktjern, Lusevasan og Romstjern [&hellip;]<\/p>\n","protected":false},"author":1,"featured_media":0,"parent":0,"menu_order":0,"comment_status":"closed","ping_status":"closed","template":"","meta":{"footnotes":""},"featured_image_urls":{"full":"","thumbnail":"","medium":"","medium_large":"","large":"","1536x1536":"","2048x2048":"","post-thumbnail":""},"post_excerpt_stackable":"<p>Alunsj\u00f8en Alnaelva er med sine 19 kilometers lengde Oslos lengste elv, ja den strekker seg faktisk utover Oslo kommune ved at noe vann kommer fra nabokommunen Nittedal. Bleiktjern, Lusevasan og Romstjern er Nittedalskilder til elva. Andre kilder er Alunsj\u00f8en i Lillomarka, \u00d8stensj\u00f8bekken, Steinbruvann, Svartkulp p\u00e5 Roms\u00e5s, samt et f\u00f8rtitalls, for det meste nedgravde, bekker p\u00e5 kryss og tvers i nedslagsfeltet. Du kan f\u00e5 et inntrykk av disse ved \u00e5 studere hvordan Alna renner p\u00e5 dette kartet. Meget god og informativ informasjon p\u00e5 Wikipedia Alna i Oslo Byleksikon Alnaelvas Venner er en av flere elve- og bekkegrupper organisert under Oslo Elveforum.&hellip;<\/p>\n","category_list":"","author_info":{"name":"admin","url":"https:\/\/alnaelva.no\/?author=1"},"comments_num":"0 kommentarer","_links":{"self":[{"href":"https:\/\/alnaelva.no\/index.php?rest_route=\/wp\/v2\/pages\/715"}],"collection":[{"href":"https:\/\/alnaelva.no\/index.php?rest_route=\/wp\/v2\/pages"}],"about":[{"href":"https:\/\/alnaelva.no\/index.php?rest_route=\/wp\/v2\/types\/page"}],"author":[{"embeddable":true,"href":"https:\/\/alnaelva.no\/index.php?rest_route=\/wp\/v2\/users\/1"}],"replies":[{"embeddable":true,"href":"https:\/\/alnaelva.no\/index.php?rest_route=%2Fwp%2Fv2%2Fcomments&post=715"}],"version-history":[{"count":4,"href":"https:\/\/alnaelva.no\/index.php?rest_route=\/wp\/v2\/pages\/715\/revisions"}],"predecessor-version":[{"id":754,"href":"https:\/\/alnaelva.no\/index.php?rest_route=\/wp\/v2\/pages\/715\/revisions\/754"}],"wp:attachment":[{"href":"https:\/\/alnaelva.no\/index.php?rest_route=%2Fwp%2Fv2%2Fmedia&parent=715"}],"curies":[{"name":"wp","href":"https:\/\/api.w.org\/{rel}","templated":true}]}}